{"id":17,"date":"2012-09-25T12:22:42","date_gmt":"2012-09-25T11:22:42","guid":{"rendered":"http:\/\/commandespierre.free.fr\/?page_id=17"},"modified":"2026-02-16T15:15:41","modified_gmt":"2026-02-16T14:15:41","slug":"contact","status":"publish","type":"page","link":"https:\/\/plein-jour.eu\/wordpress\/contact\/","title":{"rendered":"Contact"},"content":{"rendered":"<!-- Added by Post\/Page Specific Custom Code plugin, thank you for using! -->\n<style>aside#secondary {display: none;}\r\n@media (min-width: 768px){#primary {width: 100%;}}<\/style>\n<p><strong>avec l\u2019association Plein Jour&nbsp;:<\/strong><\/p>\n<figure id=\"attachment_1691\" aria-describedby=\"caption-attachment-1691\" style=\"width: 416px\" class=\"wp-caption alignnone\"><a href=\"https:\/\/plein-jour.eu\/wordpress\/wp-content\/uploads\/2022\/03\/adhesion-plein-jour-2026.jpg\" data-rel=\"lightbox-gallery-33ZHp0lv\" data-rl_title=\"\" data-rl_caption=\"\" title=\"\"><img loading=\"lazy\" decoding=\"async\" class=\" wp-image-1691\" src=\"https:\/\/plein-jour.eu\/wordpress\/wp-content\/uploads\/2022\/03\/adhesion-plein-jour-2026-300x211.jpg\" alt=\"adhesion-plein-jour\" width=\"416\" height=\"292\" srcset=\"https:\/\/plein-jour.eu\/wordpress\/wp-content\/uploads\/2022\/03\/adhesion-plein-jour-2026-300x211.jpg 300w, https:\/\/plein-jour.eu\/wordpress\/wp-content\/uploads\/2022\/03\/adhesion-plein-jour-2026-768x541.jpg 768w, https:\/\/plein-jour.eu\/wordpress\/wp-content\/uploads\/2022\/03\/adhesion-plein-jour-2026-120x85.jpg 120w, https:\/\/plein-jour.eu\/wordpress\/wp-content\/uploads\/2022\/03\/adhesion-plein-jour-2026-600x423.jpg 600w, https:\/\/plein-jour.eu\/wordpress\/wp-content\/uploads\/2022\/03\/adhesion-plein-jour-2026.jpg 900w\" sizes=\"auto, (max-width: 416px) 100vw, 416px\" \/><\/a><figcaption id=\"caption-attachment-1691\" class=\"wp-caption-text\">adhesion-plein-jour<\/figcaption><\/figure>\n<p><span style=\"font-size: 12pt;\">\u2192 <a href=\"https:\/\/plein-jour.eu\/wordpress\/wp-content\/uploads\/2022\/03\/adhesion-plein-jour-2026.jpg\" target=\"_blank\" rel=\"noopener noreferrer\" data-rel=\"lightbox-gallery-33ZHp0lv\" data-rl_title=\"\" data-rl_caption=\"\" title=\"\">Imprimez l&rsquo;adh\u00e9sion ou le soutien \u00e0 Plein Jour<\/a><\/span><\/p>\n<p><strong>Martine <\/strong>, R\u00e9f\u00e9rente \u00e9coute<br \/>\n<a href=\"mailto:martine.pleinjour@orange.fr\" target=\"_blank\" rel=\"noopener\">martine.pleinjour@orange.fr<\/a><br \/>\nT\u00e9l. \u00a006.84.59.06.01<\/p>\n<p>Vous pouvez aussi voir les coordonn\u00e9es des personnes de Plein Jour \u00e0 votre \u00e9coute<br \/>\nen cliquant sur ce lien&nbsp;: \u00ab\u00a0<strong><a href=\"https:\/\/plein-jour.eu\/wordpress\/plein-jour-a-votre-ecoute\/\">Plein Jour \u00e0 votre \u00e9coute<\/a><\/strong>\u00a0\u00bb<\/p>\n<p><img loading=\"lazy\" decoding=\"async\" class=\"aligncenter\" src=\"https:\/\/plein-jour.eu\/wordpress\/wp-content\/uploads\/2013\/01\/logo_pleinjour.jpg\" alt=\"\" width=\"150\" height=\"181\" \/><\/p>\n<p>&nbsp;<\/p>\n<p>&nbsp;<\/p>","protected":false},"excerpt":{"rendered":"<p>avec l\u2019association Plein Jour&nbsp;: \u2192 Imprimez l&rsquo;adh\u00e9sion ou le soutien &hellip; <\/p>","protected":false},"author":1,"featured_media":0,"parent":0,"menu_order":10,"comment_status":"closed","ping_status":"closed","template":"","meta":{"footnotes":""},"class_list":["post-17","page","type-page","status-publish","hentry"],"yoast_head":"<!-- This site is optimized with the Yoast SEO plugin v27.5 - https:\/\/yoast.com\/product\/yoast-seo-wordpress\/ -->\n<title>Contact - PLEIN JOUR - Libres d&#039;aimer<\/title>\n<meta name=\"description\" content=\"Nous sommes \u00e0 votre \u00e9coute pour tous renseignements. N&#039;h\u00e9sitez-pas \u00e0 nous contacter!\" \/>\n<meta name=\"robots\" content=\"index, follow, max-snippet:-1, max-image-preview:large, max-video-preview:-1\" \/>\n<link rel=\"canonical\" href=\"https:\/\/plein-jour.eu\/wordpress\/contact\/\" \/>\n<meta property=\"og:locale\" content=\"fr_FR\" \/>\n<meta property=\"og:type\" content=\"article\" \/>\n<meta property=\"og:title\" content=\"Contact - PLEIN JOUR - Libres d&#039;aimer\" \/>\n<meta property=\"og:description\" content=\"Nous sommes \u00e0 votre \u00e9coute pour tous renseignements. N&#039;h\u00e9sitez-pas \u00e0 nous contacter!\" \/>\n<meta property=\"og:url\" content=\"https:\/\/plein-jour.eu\/wordpress\/contact\/\" \/>\n<meta property=\"og:site_name\" content=\"PLEIN JOUR - Libres d&#039;aimer\" \/>\n<meta property=\"article:modified_time\" content=\"2026-02-16T14:15:41+00:00\" \/>\n<meta property=\"og:image\" content=\"https:\/\/plein-jour.eu\/wordpress\/wp-content\/uploads\/2022\/03\/adhesion-plein-jour-2026.jpg\" \/>\n\t<meta property=\"og:image:width\" content=\"900\" \/>\n\t<meta property=\"og:image:height\" content=\"634\" \/>\n\t<meta property=\"og:image:type\" content=\"image\/jpeg\" \/>\n<meta name=\"twitter:card\" content=\"summary_large_image\" \/>\n<meta name=\"twitter:label1\" content=\"Dur\u00e9e de lecture estim\u00e9e\" \/>\n\t<meta name=\"twitter:data1\" content=\"1 minute\" \/>\n<script type=\"application\/ld+json\" class=\"yoast-schema-graph\">{\"@context\":\"https:\\\/\\\/schema.org\",\"@graph\":[{\"@type\":\"WebPage\",\"@id\":\"https:\\\/\\\/plein-jour.eu\\\/wordpress\\\/contact\\\/\",\"url\":\"https:\\\/\\\/plein-jour.eu\\\/wordpress\\\/contact\\\/\",\"name\":\"Contact - PLEIN JOUR - Libres d&#039;aimer\",\"isPartOf\":{\"@id\":\"https:\\\/\\\/plein-jour.eu\\\/wordpress\\\/#website\"},\"primaryImageOfPage\":{\"@id\":\"https:\\\/\\\/plein-jour.eu\\\/wordpress\\\/contact\\\/#primaryimage\"},\"image\":{\"@id\":\"https:\\\/\\\/plein-jour.eu\\\/wordpress\\\/contact\\\/#primaryimage\"},\"thumbnailUrl\":\"https:\\\/\\\/plein-jour.eu\\\/wordpress\\\/wp-content\\\/uploads\\\/2022\\\/03\\\/adhesion-plein-jour-2026-300x211.jpg\",\"datePublished\":\"2012-09-25T11:22:42+00:00\",\"dateModified\":\"2026-02-16T14:15:41+00:00\",\"description\":\"Nous sommes \u00e0 votre \u00e9coute pour tous renseignements. N'h\u00e9sitez-pas \u00e0 nous contacter!\",\"breadcrumb\":{\"@id\":\"https:\\\/\\\/plein-jour.eu\\\/wordpress\\\/contact\\\/#breadcrumb\"},\"inLanguage\":\"fr-FR\",\"potentialAction\":[{\"@type\":\"ReadAction\",\"target\":[\"https:\\\/\\\/plein-jour.eu\\\/wordpress\\\/contact\\\/\"]}]},{\"@type\":\"ImageObject\",\"inLanguage\":\"fr-FR\",\"@id\":\"https:\\\/\\\/plein-jour.eu\\\/wordpress\\\/contact\\\/#primaryimage\",\"url\":\"https:\\\/\\\/plein-jour.eu\\\/wordpress\\\/wp-content\\\/uploads\\\/2022\\\/03\\\/adhesion-plein-jour-2026.jpg\",\"contentUrl\":\"https:\\\/\\\/plein-jour.eu\\\/wordpress\\\/wp-content\\\/uploads\\\/2022\\\/03\\\/adhesion-plein-jour-2026.jpg\",\"width\":900,\"height\":634,\"caption\":\"adhesion-plein-jour\"},{\"@type\":\"BreadcrumbList\",\"@id\":\"https:\\\/\\\/plein-jour.eu\\\/wordpress\\\/contact\\\/#breadcrumb\",\"itemListElement\":[{\"@type\":\"ListItem\",\"position\":1,\"name\":\"Accueil\",\"item\":\"https:\\\/\\\/plein-jour.eu\\\/wordpress\\\/\"},{\"@type\":\"ListItem\",\"position\":2,\"name\":\"Contact\"}]},{\"@type\":\"WebSite\",\"@id\":\"https:\\\/\\\/plein-jour.eu\\\/wordpress\\\/#website\",\"url\":\"https:\\\/\\\/plein-jour.eu\\\/wordpress\\\/\",\"name\":\"Association Plein Jour\",\"description\":\"Association de soutien pour les compagnes de Pr\u00eatres - A votre \u00e9coute au 06 84 59 06 01\",\"publisher\":{\"@id\":\"https:\\\/\\\/plein-jour.eu\\\/wordpress\\\/#organization\"},\"potentialAction\":[{\"@type\":\"SearchAction\",\"target\":{\"@type\":\"EntryPoint\",\"urlTemplate\":\"https:\\\/\\\/plein-jour.eu\\\/wordpress\\\/?s={search_term_string}\"},\"query-input\":{\"@type\":\"PropertyValueSpecification\",\"valueRequired\":true,\"valueName\":\"search_term_string\"}}],\"inLanguage\":\"fr-FR\"},{\"@type\":\"Organization\",\"@id\":\"https:\\\/\\\/plein-jour.eu\\\/wordpress\\\/#organization\",\"name\":\"Plein Jour\",\"url\":\"https:\\\/\\\/plein-jour.eu\\\/wordpress\\\/\",\"logo\":{\"@type\":\"ImageObject\",\"inLanguage\":\"fr-FR\",\"@id\":\"https:\\\/\\\/plein-jour.eu\\\/wordpress\\\/#\\\/schema\\\/logo\\\/image\\\/\",\"url\":\"https:\\\/\\\/plein-jour.eu\\\/wordpress\\\/wp-content\\\/uploads\\\/2020\\\/10\\\/Logo-coq-Plein-Jour-e1603696172827.png\",\"contentUrl\":\"https:\\\/\\\/plein-jour.eu\\\/wordpress\\\/wp-content\\\/uploads\\\/2020\\\/10\\\/Logo-coq-Plein-Jour-e1603696172827.png\",\"width\":500,\"height\":374,\"caption\":\"Plein Jour\"},\"image\":{\"@id\":\"https:\\\/\\\/plein-jour.eu\\\/wordpress\\\/#\\\/schema\\\/logo\\\/image\\\/\"}}]}<\/script>\n<!-- \/ Yoast SEO plugin. -->","yoast_head_json":{"title":"Contact - PLEIN JOUR - Libres d&#039;aimer","description":"Nous sommes \u00e0 votre \u00e9coute pour tous renseignements. N'h\u00e9sitez-pas \u00e0 nous contacter!","robots":{"index":"index","follow":"follow","max-snippet":"max-snippet:-1","max-image-preview":"max-image-preview:large","max-video-preview":"max-video-preview:-1"},"canonical":"https:\/\/plein-jour.eu\/wordpress\/contact\/","og_locale":"fr_FR","og_type":"article","og_title":"Contact - PLEIN JOUR - Libres d&#039;aimer","og_description":"Nous sommes \u00e0 votre \u00e9coute pour tous renseignements. N'h\u00e9sitez-pas \u00e0 nous contacter!","og_url":"https:\/\/plein-jour.eu\/wordpress\/contact\/","og_site_name":"PLEIN JOUR - Libres d&#039;aimer","article_modified_time":"2026-02-16T14:15:41+00:00","og_image":[{"width":900,"height":634,"url":"https:\/\/plein-jour.eu\/wordpress\/wp-content\/uploads\/2022\/03\/adhesion-plein-jour-2026.jpg","type":"image\/jpeg"}],"twitter_card":"summary_large_image","twitter_misc":{"Dur\u00e9e de lecture estim\u00e9e":"1 minute"},"schema":{"@context":"https:\/\/schema.org","@graph":[{"@type":"WebPage","@id":"https:\/\/plein-jour.eu\/wordpress\/contact\/","url":"https:\/\/plein-jour.eu\/wordpress\/contact\/","name":"Contact - PLEIN JOUR - Libres d&#039;aimer","isPartOf":{"@id":"https:\/\/plein-jour.eu\/wordpress\/#website"},"primaryImageOfPage":{"@id":"https:\/\/plein-jour.eu\/wordpress\/contact\/#primaryimage"},"image":{"@id":"https:\/\/plein-jour.eu\/wordpress\/contact\/#primaryimage"},"thumbnailUrl":"https:\/\/plein-jour.eu\/wordpress\/wp-content\/uploads\/2022\/03\/adhesion-plein-jour-2026-300x211.jpg","datePublished":"2012-09-25T11:22:42+00:00","dateModified":"2026-02-16T14:15:41+00:00","description":"Nous sommes \u00e0 votre \u00e9coute pour tous renseignements. N'h\u00e9sitez-pas \u00e0 nous contacter!","breadcrumb":{"@id":"https:\/\/plein-jour.eu\/wordpress\/contact\/#breadcrumb"},"inLanguage":"fr-FR","potentialAction":[{"@type":"ReadAction","target":["https:\/\/plein-jour.eu\/wordpress\/contact\/"]}]},{"@type":"ImageObject","inLanguage":"fr-FR","@id":"https:\/\/plein-jour.eu\/wordpress\/contact\/#primaryimage","url":"https:\/\/plein-jour.eu\/wordpress\/wp-content\/uploads\/2022\/03\/adhesion-plein-jour-2026.jpg","contentUrl":"https:\/\/plein-jour.eu\/wordpress\/wp-content\/uploads\/2022\/03\/adhesion-plein-jour-2026.jpg","width":900,"height":634,"caption":"adhesion-plein-jour"},{"@type":"BreadcrumbList","@id":"https:\/\/plein-jour.eu\/wordpress\/contact\/#breadcrumb","itemListElement":[{"@type":"ListItem","position":1,"name":"Accueil","item":"https:\/\/plein-jour.eu\/wordpress\/"},{"@type":"ListItem","position":2,"name":"Contact"}]},{"@type":"WebSite","@id":"https:\/\/plein-jour.eu\/wordpress\/#website","url":"https:\/\/plein-jour.eu\/wordpress\/","name":"Association Plein Jour","description":"Association de soutien pour les compagnes de Pr\u00eatres - A votre \u00e9coute au 06 84 59 06 01","publisher":{"@id":"https:\/\/plein-jour.eu\/wordpress\/#organization"},"potentialAction":[{"@type":"SearchAction","target":{"@type":"EntryPoint","urlTemplate":"https:\/\/plein-jour.eu\/wordpress\/?s={search_term_string}"},"query-input":{"@type":"PropertyValueSpecification","valueRequired":true,"valueName":"search_term_string"}}],"inLanguage":"fr-FR"},{"@type":"Organization","@id":"https:\/\/plein-jour.eu\/wordpress\/#organization","name":"Plein Jour","url":"https:\/\/plein-jour.eu\/wordpress\/","logo":{"@type":"ImageObject","inLanguage":"fr-FR","@id":"https:\/\/plein-jour.eu\/wordpress\/#\/schema\/logo\/image\/","url":"https:\/\/plein-jour.eu\/wordpress\/wp-content\/uploads\/2020\/10\/Logo-coq-Plein-Jour-e1603696172827.png","contentUrl":"https:\/\/plein-jour.eu\/wordpress\/wp-content\/uploads\/2020\/10\/Logo-coq-Plein-Jour-e1603696172827.png","width":500,"height":374,"caption":"Plein Jour"},"image":{"@id":"https:\/\/plein-jour.eu\/wordpress\/#\/schema\/logo\/image\/"}}]}},"jetpack_sharing_enabled":true,"_links":{"self":[{"href":"https:\/\/plein-jour.eu\/wordpress\/wp-json\/wp\/v2\/pages\/17","targetHints":{"allow":["GET"]}}],"collection":[{"href":"https:\/\/plein-jour.eu\/wordpress\/wp-json\/wp\/v2\/pages"}],"about":[{"href":"https:\/\/plein-jour.eu\/wordpress\/wp-json\/wp\/v2\/types\/page"}],"author":[{"embeddable":true,"href":"https:\/\/plein-jour.eu\/wordpress\/wp-json\/wp\/v2\/users\/1"}],"replies":[{"embeddable":true,"href":"https:\/\/plein-jour.eu\/wordpress\/wp-json\/wp\/v2\/comments?post=17"}],"version-history":[{"count":0,"href":"https:\/\/plein-jour.eu\/wordpress\/wp-json\/wp\/v2\/pages\/17\/revisions"}],"wp:attachment":[{"href":"https:\/\/plein-jour.eu\/wordpress\/wp-json\/wp\/v2\/media?parent=17"}],"curies":[{"name":"wp","href":"https:\/\/api.w.org\/{rel}","templated":true}]}}

<!-- Added by Post/Page Specific Custom Code plugin, thank you for using! -->
<style>aside#secondary {display: none;}
@media (min-width: 768px){#primary {width: 100%;}}</style>
<p><strong>avec l’association Plein Jour&nbsp;:</strong></p>
<figure id="attachment_1691" aria-describedby="caption-attachment-1691" style="width: 416px" class="wp-caption alignnone"><a href="https://plein-jour.eu/wordpress/wp-content/uploads/2022/03/adhesion-plein-jour-2026.jpg" data-rel="lightbox-gallery-33ZHp0lv" data-rl_title="" data-rl_caption="" title=""><img loading="lazy" decoding="async" class=" wp-image-1691" src="https://plein-jour.eu/wordpress/wp-content/uploads/2022/03/adhesion-plein-jour-2026-300x211.jpg" alt="adhesion-plein-jour" width="416" height="292" srcset="https://plein-jour.eu/wordpress/wp-content/uploads/2022/03/adhesion-plein-jour-2026-300x211.jpg 300w, https://plein-jour.eu/wordpress/wp-content/uploads/2022/03/adhesion-plein-jour-2026-768x541.jpg 768w, https://plein-jour.eu/wordpress/wp-content/uploads/2022/03/adhesion-plein-jour-2026-120x85.jpg 120w, https://plein-jour.eu/wordpress/wp-content/uploads/2022/03/adhesion-plein-jour-2026-600x423.jpg 600w, https://plein-jour.eu/wordpress/wp-content/uploads/2022/03/adhesion-plein-jour-2026.jpg 900w" sizes="auto, (max-width: 416px) 100vw, 416px" /></a><figcaption id="caption-attachment-1691" class="wp-caption-text">adhesion-plein-jour</figcaption></figure>
<p><span style="font-size: 12pt;">→ <a href="https://plein-jour.eu/wordpress/wp-content/uploads/2022/03/adhesion-plein-jour-2026.jpg" target="_blank" rel="noopener noreferrer" data-rel="lightbox-gallery-33ZHp0lv" data-rl_title="" data-rl_caption="" title="">Imprimez l&rsquo;adhésion ou le soutien à Plein Jour</a></span></p>
<p><strong>Martine </strong>, Référente écoute<br />
<a href="mailto:martine.pleinjour@orange.fr" target="_blank" rel="noopener">martine.pleinjour@orange.fr</a><br />
Tél.  06.84.59.06.01</p>
<p>Vous pouvez aussi voir les coordonnées des personnes de Plein Jour à votre écoute<br />
en cliquant sur ce lien&nbsp;: « <strong><a href="https://plein-jour.eu/wordpress/plein-jour-a-votre-ecoute/">Plein Jour à votre écoute</a></strong> »</p>
<p><img loading="lazy" decoding="async" class="aligncenter" src="https://plein-jour.eu/wordpress/wp-content/uploads/2013/01/logo_pleinjour.jpg" alt="" width="150" height="181" /></p>
<p>&nbsp;</p>
<p>&nbsp;</p>

<p>avec l’association Plein Jour&nbsp;: → Imprimez l&rsquo;adhésion ou le soutien &hellip; </p>

<!-- This site is optimized with the Yoast SEO plugin v27.5 - https://yoast.com/product/yoast-seo-wordpress/ -->
<title>Contact - PLEIN JOUR - Libres d&#039;aimer</title>
<meta name="description" content="Nous sommes à votre écoute pour tous renseignements. N&#039;hésitez-pas à nous contacter!" />
<meta name="robots" content="index, follow, max-snippet:-1, max-image-preview:large, max-video-preview:-1" />
<link rel="canonical" href="https://plein-jour.eu/wordpress/contact/" />
<meta property="og:locale" content="fr_FR" />
<meta property="og:type" content="article" />
<meta property="og:title" content="Contact - PLEIN JOUR - Libres d&#039;aimer" />
<meta property="og:description" content="Nous sommes à votre écoute pour tous renseignements. N&#039;hésitez-pas à nous contacter!" />
<meta property="og:url" content="https://plein-jour.eu/wordpress/contact/" />
<meta property="og:site_name" content="PLEIN JOUR - Libres d&#039;aimer" />
<meta property="article:modified_time" content="2026-02-16T14:15:41+00:00" />
<meta property="og:image" content="https://plein-jour.eu/wordpress/wp-content/uploads/2022/03/adhesion-plein-jour-2026.jpg" />
	<meta property="og:image:width" content="900" />
	<meta property="og:image:height" content="634" />
	<meta property="og:image:type" content="image/jpeg" />
<meta name="twitter:card" content="summary_large_image" />
<meta name="twitter:label1" content="Durée de lecture estimée" />
	<meta name="twitter:data1" content="1 minute" />
<script type="application/ld+json" class="yoast-schema-graph">{"@context":"https:\/\/schema.org","@graph":[{"@type":"WebPage","@id":"https:\/\/plein-jour.eu\/wordpress\/contact\/","url":"https:\/\/plein-jour.eu\/wordpress\/contact\/","name":"Contact - PLEIN JOUR - Libres d&#039;aimer","isPartOf":{"@id":"https:\/\/plein-jour.eu\/wordpress\/#website"},"primaryImageOfPage":{"@id":"https:\/\/plein-jour.eu\/wordpress\/contact\/#primaryimage"},"image":{"@id":"https:\/\/plein-jour.eu\/wordpress\/contact\/#primaryimage"},"thumbnailUrl":"https:\/\/plein-jour.eu\/wordpress\/wp-content\/uploads\/2022\/03\/adhesion-plein-jour-2026-300x211.jpg","datePublished":"2012-09-25T11:22:42+00:00","dateModified":"2026-02-16T14:15:41+00:00","description":"Nous sommes à votre écoute pour tous renseignements. N'hésitez-pas à nous contacter!","breadcrumb":{"@id":"https:\/\/plein-jour.eu\/wordpress\/contact\/#breadcrumb"},"inLanguage":"fr-FR","potentialAction":[{"@type":"ReadAction","target":["https:\/\/plein-jour.eu\/wordpress\/contact\/"]}]},{"@type":"ImageObject","inLanguage":"fr-FR","@id":"https:\/\/plein-jour.eu\/wordpress\/contact\/#primaryimage","url":"https:\/\/plein-jour.eu\/wordpress\/wp-content\/uploads\/2022\/03\/adhesion-plein-jour-2026.jpg","contentUrl":"https:\/\/plein-jour.eu\/wordpress\/wp-content\/uploads\/2022\/03\/adhesion-plein-jour-2026.jpg","width":900,"height":634,"caption":"adhesion-plein-jour"},{"@type":"BreadcrumbList","@id":"https:\/\/plein-jour.eu\/wordpress\/contact\/#breadcrumb","itemListElement":[{"@type":"ListItem","position":1,"name":"Accueil","item":"https:\/\/plein-jour.eu\/wordpress\/"},{"@type":"ListItem","position":2,"name":"Contact"}]},{"@type":"WebSite","@id":"https:\/\/plein-jour.eu\/wordpress\/#website","url":"https:\/\/plein-jour.eu\/wordpress\/","name":"Association Plein Jour","description":"Association de soutien pour les compagnes de Prêtres - A votre écoute au 06 84 59 06 01","publisher":{"@id":"https:\/\/plein-jour.eu\/wordpress\/#organization"},"potentialAction":[{"@type":"SearchAction","target":{"@type":"EntryPoint","urlTemplate":"https:\/\/plein-jour.eu\/wordpress\/?s={search_term_string}"},"query-input":{"@type":"PropertyValueSpecification","valueRequired":true,"valueName":"search_term_string"}}],"inLanguage":"fr-FR"},{"@type":"Organization","@id":"https:\/\/plein-jour.eu\/wordpress\/#organization","name":"Plein Jour","url":"https:\/\/plein-jour.eu\/wordpress\/","logo":{"@type":"ImageObject","inLanguage":"fr-FR","@id":"https:\/\/plein-jour.eu\/wordpress\/#\/schema\/logo\/image\/","url":"https:\/\/plein-jour.eu\/wordpress\/wp-content\/uploads\/2020\/10\/Logo-coq-Plein-Jour-e1603696172827.png","contentUrl":"https:\/\/plein-jour.eu\/wordpress\/wp-content\/uploads\/2020\/10\/Logo-coq-Plein-Jour-e1603696172827.png","width":500,"height":374,"caption":"Plein Jour"},"image":{"@id":"https:\/\/plein-jour.eu\/wordpress\/#\/schema\/logo\/image\/"}}]}</script>
<!-- / Yoast SEO plugin. -->

Nous sommes à votre écoute pour tous renseignements. N'hésitez-pas à nous contacter!

Association de soutien pour les compagnes de Prêtres - A votre écoute au 06 84 59 06 01
