{"id":470,"date":"2014-11-04T18:16:51","date_gmt":"2014-11-04T17:16:51","guid":{"rendered":"http:\/\/localhost\/plein_jour_original\/?page_id=470"},"modified":"2024-12-19T12:13:41","modified_gmt":"2024-12-19T11:13:41","slug":"notre-logo","status":"publish","type":"page","link":"https:\/\/plein-jour.eu\/wordpress\/notre-logo\/","title":{"rendered":"Notre Logo"},"content":{"rendered":"<!-- Added by Post\/Page Specific Custom Code plugin, thank you for using! -->\n<style>aside#secondary {display: none;}\r\n@media (min-width: 768px){#primary {width: 100%;}}<\/style>\n<p><img decoding=\"async\" class=\"aligncenter\" src=\"https:\/\/plein-jour.eu\/wordpress\/wp-content\/uploads\/2020\/10\/Logo-coq-Plein-Jour-e1603696172827.png\" \/><\/p>\n<p>Ce malicieux PIEM a imagin\u00e9 deux gallinac\u00e9s qui se regardent dans le blanc des yeux par del\u00e0 la croix d&rsquo;un clocher.<\/p>\n<p>Mais qui est-elle cette institution qui se dit sacr\u00e9e mais qui se met en travers d&rsquo;un amour humain sous pr\u00e9texte d&rsquo;un amour divin\u00a0 ? Car, on le sait bien, \u00ab\u00a0l&rsquo;amour est enfant de Boh\u00e8me. Il n&rsquo;a jamais connu de loi&nbsp;!\u00a0\u00bb<\/p>\n<p>Vouloir opposer amour humain et amour de Dieu, c&rsquo;est comme dire au pouce, tu dois te passer de l&rsquo;Index&nbsp;! Le second ne s&rsquo;exprime-t-il pas \u00e0 travers le premier?<br \/>\nD&rsquo;autant plus que le premier est source de vie et source abondante. Chacun de nous en est une preuve \u00e9vidente&nbsp;! Pourquoi vouloir encadrer par des r\u00e8gles faites de mains d&rsquo;hommes, en un temps donn\u00e9 et p\u00e9rim\u00e9,\u00a0 et souvent pour de sordides int\u00e9r\u00eats financiers, ce qui les d\u00e9passe de toute \u00e9ternit\u00e9&nbsp;?<\/p>\n<p>Chaque fois que cette institution a voulu marcher \u00e0 l&rsquo;envers de l&rsquo;humain, elle s&rsquo;est retrouv\u00e9 perdante.<\/p>\n<p>Certes des femmes et des hommes en ont souffert, atrocement pour certaines&nbsp;! Mais au bout du compte cette \u00e9glise a toujours \u00e9t\u00e9 la grande perdante. Elle y a perdu en vitalit\u00e9, en confiance, en cr\u00e9dibilit\u00e9 car le bon sens des hommes et des femmes accepte de moins en moins, \u00e0 mesure que la culture se r\u00e9pand, de se fier aux galimatias dit th\u00e9ologiques qu&rsquo;elle prof\u00e8re.<\/p>\n<p>&nbsp;<\/p>","protected":false},"excerpt":{"rendered":"<p>Ce malicieux PIEM a imagin\u00e9 deux gallinac\u00e9s qui se regardent &hellip; <\/p>","protected":false},"author":1,"featured_media":0,"parent":0,"menu_order":0,"comment_status":"closed","ping_status":"closed","template":"","meta":{"footnotes":""},"class_list":["post-470","page","type-page","status-publish","hentry"],"yoast_head":"<!-- This site is optimized with the Yoast SEO plugin v27.5 - https:\/\/yoast.com\/product\/yoast-seo-wordpress\/ -->\n<title>Notre Logo - PLEIN JOUR - Libres d&#039;aimer<\/title>\n<meta name=\"description\" content=\"Ce malicieux PIEM a imagin\u00e9 deux gallinac\u00e9s qui se regardent dans le blanc des yeux par del\u00e0 la croix d&#039;un clocher.\" \/>\n<meta name=\"robots\" content=\"index, follow, max-snippet:-1, max-image-preview:large, max-video-preview:-1\" \/>\n<link rel=\"canonical\" href=\"https:\/\/plein-jour.eu\/wordpress\/notre-logo\/\" \/>\n<meta property=\"og:locale\" content=\"fr_FR\" \/>\n<meta property=\"og:type\" content=\"article\" \/>\n<meta property=\"og:title\" content=\"Notre Logo - PLEIN JOUR - Libres d&#039;aimer\" \/>\n<meta property=\"og:description\" content=\"Ce malicieux PIEM a imagin\u00e9 deux gallinac\u00e9s qui se regardent dans le blanc des yeux par del\u00e0 la croix d&#039;un clocher.\" \/>\n<meta property=\"og:url\" content=\"https:\/\/plein-jour.eu\/wordpress\/notre-logo\/\" \/>\n<meta property=\"og:site_name\" content=\"PLEIN JOUR - Libres d&#039;aimer\" \/>\n<meta property=\"article:modified_time\" content=\"2024-12-19T11:13:41+00:00\" \/>\n<meta property=\"og:image\" content=\"https:\/\/plein-jour.eu\/wordpress\/wp-content\/uploads\/2020\/10\/Logo-coq-Plein-Jour-e1603696172827.png\" \/>\n<meta name=\"twitter:card\" content=\"summary_large_image\" \/>\n<meta name=\"twitter:label1\" content=\"Dur\u00e9e de lecture estim\u00e9e\" \/>\n\t<meta name=\"twitter:data1\" content=\"2 minutes\" \/>\n<script type=\"application\/ld+json\" class=\"yoast-schema-graph\">{\"@context\":\"https:\\\/\\\/schema.org\",\"@graph\":[{\"@type\":\"WebPage\",\"@id\":\"https:\\\/\\\/plein-jour.eu\\\/wordpress\\\/notre-logo\\\/\",\"url\":\"https:\\\/\\\/plein-jour.eu\\\/wordpress\\\/notre-logo\\\/\",\"name\":\"Notre Logo - PLEIN JOUR - Libres d&#039;aimer\",\"isPartOf\":{\"@id\":\"https:\\\/\\\/plein-jour.eu\\\/wordpress\\\/#website\"},\"primaryImageOfPage\":{\"@id\":\"https:\\\/\\\/plein-jour.eu\\\/wordpress\\\/notre-logo\\\/#primaryimage\"},\"image\":{\"@id\":\"https:\\\/\\\/plein-jour.eu\\\/wordpress\\\/notre-logo\\\/#primaryimage\"},\"thumbnailUrl\":\"https:\\\/\\\/plein-jour.eu\\\/wordpress\\\/wp-content\\\/uploads\\\/2020\\\/10\\\/Logo-coq-Plein-Jour-e1603696172827.png\",\"datePublished\":\"2014-11-04T17:16:51+00:00\",\"dateModified\":\"2024-12-19T11:13:41+00:00\",\"description\":\"Ce malicieux PIEM a imagin\u00e9 deux gallinac\u00e9s qui se regardent dans le blanc des yeux par del\u00e0 la croix d'un clocher.\",\"breadcrumb\":{\"@id\":\"https:\\\/\\\/plein-jour.eu\\\/wordpress\\\/notre-logo\\\/#breadcrumb\"},\"inLanguage\":\"fr-FR\",\"potentialAction\":[{\"@type\":\"ReadAction\",\"target\":[\"https:\\\/\\\/plein-jour.eu\\\/wordpress\\\/notre-logo\\\/\"]}]},{\"@type\":\"ImageObject\",\"inLanguage\":\"fr-FR\",\"@id\":\"https:\\\/\\\/plein-jour.eu\\\/wordpress\\\/notre-logo\\\/#primaryimage\",\"url\":\"https:\\\/\\\/plein-jour.eu\\\/wordpress\\\/wp-content\\\/uploads\\\/2020\\\/10\\\/Logo-coq-Plein-Jour-e1603696172827.png\",\"contentUrl\":\"https:\\\/\\\/plein-jour.eu\\\/wordpress\\\/wp-content\\\/uploads\\\/2020\\\/10\\\/Logo-coq-Plein-Jour-e1603696172827.png\",\"width\":500,\"height\":374,\"caption\":\"Logo coq Plein Jour\"},{\"@type\":\"BreadcrumbList\",\"@id\":\"https:\\\/\\\/plein-jour.eu\\\/wordpress\\\/notre-logo\\\/#breadcrumb\",\"itemListElement\":[{\"@type\":\"ListItem\",\"position\":1,\"name\":\"Accueil\",\"item\":\"https:\\\/\\\/plein-jour.eu\\\/wordpress\\\/\"},{\"@type\":\"ListItem\",\"position\":2,\"name\":\"Notre Logo\"}]},{\"@type\":\"WebSite\",\"@id\":\"https:\\\/\\\/plein-jour.eu\\\/wordpress\\\/#website\",\"url\":\"https:\\\/\\\/plein-jour.eu\\\/wordpress\\\/\",\"name\":\"Association Plein Jour\",\"description\":\"Association de soutien pour les compagnes de Pr\u00eatres - A votre \u00e9coute au 06 84 59 06 01\",\"publisher\":{\"@id\":\"https:\\\/\\\/plein-jour.eu\\\/wordpress\\\/#organization\"},\"potentialAction\":[{\"@type\":\"SearchAction\",\"target\":{\"@type\":\"EntryPoint\",\"urlTemplate\":\"https:\\\/\\\/plein-jour.eu\\\/wordpress\\\/?s={search_term_string}\"},\"query-input\":{\"@type\":\"PropertyValueSpecification\",\"valueRequired\":true,\"valueName\":\"search_term_string\"}}],\"inLanguage\":\"fr-FR\"},{\"@type\":\"Organization\",\"@id\":\"https:\\\/\\\/plein-jour.eu\\\/wordpress\\\/#organization\",\"name\":\"Plein Jour\",\"url\":\"https:\\\/\\\/plein-jour.eu\\\/wordpress\\\/\",\"logo\":{\"@type\":\"ImageObject\",\"inLanguage\":\"fr-FR\",\"@id\":\"https:\\\/\\\/plein-jour.eu\\\/wordpress\\\/#\\\/schema\\\/logo\\\/image\\\/\",\"url\":\"https:\\\/\\\/plein-jour.eu\\\/wordpress\\\/wp-content\\\/uploads\\\/2020\\\/10\\\/Logo-coq-Plein-Jour-e1603696172827.png\",\"contentUrl\":\"https:\\\/\\\/plein-jour.eu\\\/wordpress\\\/wp-content\\\/uploads\\\/2020\\\/10\\\/Logo-coq-Plein-Jour-e1603696172827.png\",\"width\":500,\"height\":374,\"caption\":\"Plein Jour\"},\"image\":{\"@id\":\"https:\\\/\\\/plein-jour.eu\\\/wordpress\\\/#\\\/schema\\\/logo\\\/image\\\/\"}}]}<\/script>\n<!-- \/ Yoast SEO plugin. -->","yoast_head_json":{"title":"Notre Logo - PLEIN JOUR - Libres d&#039;aimer","description":"Ce malicieux PIEM a imagin\u00e9 deux gallinac\u00e9s qui se regardent dans le blanc des yeux par del\u00e0 la croix d'un clocher.","robots":{"index":"index","follow":"follow","max-snippet":"max-snippet:-1","max-image-preview":"max-image-preview:large","max-video-preview":"max-video-preview:-1"},"canonical":"https:\/\/plein-jour.eu\/wordpress\/notre-logo\/","og_locale":"fr_FR","og_type":"article","og_title":"Notre Logo - PLEIN JOUR - Libres d&#039;aimer","og_description":"Ce malicieux PIEM a imagin\u00e9 deux gallinac\u00e9s qui se regardent dans le blanc des yeux par del\u00e0 la croix d'un clocher.","og_url":"https:\/\/plein-jour.eu\/wordpress\/notre-logo\/","og_site_name":"PLEIN JOUR - Libres d&#039;aimer","article_modified_time":"2024-12-19T11:13:41+00:00","og_image":[{"url":"https:\/\/plein-jour.eu\/wordpress\/wp-content\/uploads\/2020\/10\/Logo-coq-Plein-Jour-e1603696172827.png","type":"","width":"","height":""}],"twitter_card":"summary_large_image","twitter_misc":{"Dur\u00e9e de lecture estim\u00e9e":"2 minutes"},"schema":{"@context":"https:\/\/schema.org","@graph":[{"@type":"WebPage","@id":"https:\/\/plein-jour.eu\/wordpress\/notre-logo\/","url":"https:\/\/plein-jour.eu\/wordpress\/notre-logo\/","name":"Notre Logo - PLEIN JOUR - Libres d&#039;aimer","isPartOf":{"@id":"https:\/\/plein-jour.eu\/wordpress\/#website"},"primaryImageOfPage":{"@id":"https:\/\/plein-jour.eu\/wordpress\/notre-logo\/#primaryimage"},"image":{"@id":"https:\/\/plein-jour.eu\/wordpress\/notre-logo\/#primaryimage"},"thumbnailUrl":"https:\/\/plein-jour.eu\/wordpress\/wp-content\/uploads\/2020\/10\/Logo-coq-Plein-Jour-e1603696172827.png","datePublished":"2014-11-04T17:16:51+00:00","dateModified":"2024-12-19T11:13:41+00:00","description":"Ce malicieux PIEM a imagin\u00e9 deux gallinac\u00e9s qui se regardent dans le blanc des yeux par del\u00e0 la croix d'un clocher.","breadcrumb":{"@id":"https:\/\/plein-jour.eu\/wordpress\/notre-logo\/#breadcrumb"},"inLanguage":"fr-FR","potentialAction":[{"@type":"ReadAction","target":["https:\/\/plein-jour.eu\/wordpress\/notre-logo\/"]}]},{"@type":"ImageObject","inLanguage":"fr-FR","@id":"https:\/\/plein-jour.eu\/wordpress\/notre-logo\/#primaryimage","url":"https:\/\/plein-jour.eu\/wordpress\/wp-content\/uploads\/2020\/10\/Logo-coq-Plein-Jour-e1603696172827.png","contentUrl":"https:\/\/plein-jour.eu\/wordpress\/wp-content\/uploads\/2020\/10\/Logo-coq-Plein-Jour-e1603696172827.png","width":500,"height":374,"caption":"Logo coq Plein Jour"},{"@type":"BreadcrumbList","@id":"https:\/\/plein-jour.eu\/wordpress\/notre-logo\/#breadcrumb","itemListElement":[{"@type":"ListItem","position":1,"name":"Accueil","item":"https:\/\/plein-jour.eu\/wordpress\/"},{"@type":"ListItem","position":2,"name":"Notre Logo"}]},{"@type":"WebSite","@id":"https:\/\/plein-jour.eu\/wordpress\/#website","url":"https:\/\/plein-jour.eu\/wordpress\/","name":"Association Plein Jour","description":"Association de soutien pour les compagnes de Pr\u00eatres - A votre \u00e9coute au 06 84 59 06 01","publisher":{"@id":"https:\/\/plein-jour.eu\/wordpress\/#organization"},"potentialAction":[{"@type":"SearchAction","target":{"@type":"EntryPoint","urlTemplate":"https:\/\/plein-jour.eu\/wordpress\/?s={search_term_string}"},"query-input":{"@type":"PropertyValueSpecification","valueRequired":true,"valueName":"search_term_string"}}],"inLanguage":"fr-FR"},{"@type":"Organization","@id":"https:\/\/plein-jour.eu\/wordpress\/#organization","name":"Plein Jour","url":"https:\/\/plein-jour.eu\/wordpress\/","logo":{"@type":"ImageObject","inLanguage":"fr-FR","@id":"https:\/\/plein-jour.eu\/wordpress\/#\/schema\/logo\/image\/","url":"https:\/\/plein-jour.eu\/wordpress\/wp-content\/uploads\/2020\/10\/Logo-coq-Plein-Jour-e1603696172827.png","contentUrl":"https:\/\/plein-jour.eu\/wordpress\/wp-content\/uploads\/2020\/10\/Logo-coq-Plein-Jour-e1603696172827.png","width":500,"height":374,"caption":"Plein Jour"},"image":{"@id":"https:\/\/plein-jour.eu\/wordpress\/#\/schema\/logo\/image\/"}}]}},"jetpack_sharing_enabled":true,"_links":{"self":[{"href":"https:\/\/plein-jour.eu\/wordpress\/wp-json\/wp\/v2\/pages\/470","targetHints":{"allow":["GET"]}}],"collection":[{"href":"https:\/\/plein-jour.eu\/wordpress\/wp-json\/wp\/v2\/pages"}],"about":[{"href":"https:\/\/plein-jour.eu\/wordpress\/wp-json\/wp\/v2\/types\/page"}],"author":[{"embeddable":true,"href":"https:\/\/plein-jour.eu\/wordpress\/wp-json\/wp\/v2\/users\/1"}],"replies":[{"embeddable":true,"href":"https:\/\/plein-jour.eu\/wordpress\/wp-json\/wp\/v2\/comments?post=470"}],"version-history":[{"count":0,"href":"https:\/\/plein-jour.eu\/wordpress\/wp-json\/wp\/v2\/pages\/470\/revisions"}],"wp:attachment":[{"href":"https:\/\/plein-jour.eu\/wordpress\/wp-json\/wp\/v2\/media?parent=470"}],"curies":[{"name":"wp","href":"https:\/\/api.w.org\/{rel}","templated":true}]}}

<!-- Added by Post/Page Specific Custom Code plugin, thank you for using! -->
<style>aside#secondary {display: none;}
@media (min-width: 768px){#primary {width: 100%;}}</style>
<p><img decoding="async" class="aligncenter" src="https://plein-jour.eu/wordpress/wp-content/uploads/2020/10/Logo-coq-Plein-Jour-e1603696172827.png" /></p>
<p>Ce malicieux PIEM a imaginé deux gallinacés qui se regardent dans le blanc des yeux par delà la croix d&rsquo;un clocher.</p>
<p>Mais qui est-elle cette institution qui se dit sacrée mais qui se met en travers d&rsquo;un amour humain sous prétexte d&rsquo;un amour divin  ? Car, on le sait bien, « l&rsquo;amour est enfant de Bohème. Il n&rsquo;a jamais connu de loi&nbsp;! »</p>
<p>Vouloir opposer amour humain et amour de Dieu, c&rsquo;est comme dire au pouce, tu dois te passer de l&rsquo;Index&nbsp;! Le second ne s&rsquo;exprime-t-il pas à travers le premier?<br />
D&rsquo;autant plus que le premier est source de vie et source abondante. Chacun de nous en est une preuve évidente&nbsp;! Pourquoi vouloir encadrer par des règles faites de mains d&rsquo;hommes, en un temps donné et périmé,  et souvent pour de sordides intérêts financiers, ce qui les dépasse de toute éternité&nbsp;?</p>
<p>Chaque fois que cette institution a voulu marcher à l&rsquo;envers de l&rsquo;humain, elle s&rsquo;est retrouvé perdante.</p>
<p>Certes des femmes et des hommes en ont souffert, atrocement pour certaines&nbsp;! Mais au bout du compte cette église a toujours été la grande perdante. Elle y a perdu en vitalité, en confiance, en crédibilité car le bon sens des hommes et des femmes accepte de moins en moins, à mesure que la culture se répand, de se fier aux galimatias dit théologiques qu&rsquo;elle profère.</p>
<p>&nbsp;</p>

<p>Ce malicieux PIEM a imaginé deux gallinacés qui se regardent &hellip; </p>

<!-- This site is optimized with the Yoast SEO plugin v27.5 - https://yoast.com/product/yoast-seo-wordpress/ -->
<title>Notre Logo - PLEIN JOUR - Libres d&#039;aimer</title>
<meta name="description" content="Ce malicieux PIEM a imaginé deux gallinacés qui se regardent dans le blanc des yeux par delà la croix d&#039;un clocher." />
<meta name="robots" content="index, follow, max-snippet:-1, max-image-preview:large, max-video-preview:-1" />
<link rel="canonical" href="https://plein-jour.eu/wordpress/notre-logo/" />
<meta property="og:locale" content="fr_FR" />
<meta property="og:type" content="article" />
<meta property="og:title" content="Notre Logo - PLEIN JOUR - Libres d&#039;aimer" />
<meta property="og:description" content="Ce malicieux PIEM a imaginé deux gallinacés qui se regardent dans le blanc des yeux par delà la croix d&#039;un clocher." />
<meta property="og:url" content="https://plein-jour.eu/wordpress/notre-logo/" />
<meta property="og:site_name" content="PLEIN JOUR - Libres d&#039;aimer" />
<meta property="article:modified_time" content="2024-12-19T11:13:41+00:00" />
<meta property="og:image" content="https://plein-jour.eu/wordpress/wp-content/uploads/2020/10/Logo-coq-Plein-Jour-e1603696172827.png" />
<meta name="twitter:card" content="summary_large_image" />
<meta name="twitter:label1" content="Durée de lecture estimée" />
	<meta name="twitter:data1" content="2 minutes" />
<script type="application/ld+json" class="yoast-schema-graph">{"@context":"https:\/\/schema.org","@graph":[{"@type":"WebPage","@id":"https:\/\/plein-jour.eu\/wordpress\/notre-logo\/","url":"https:\/\/plein-jour.eu\/wordpress\/notre-logo\/","name":"Notre Logo - PLEIN JOUR - Libres d&#039;aimer","isPartOf":{"@id":"https:\/\/plein-jour.eu\/wordpress\/#website"},"primaryImageOfPage":{"@id":"https:\/\/plein-jour.eu\/wordpress\/notre-logo\/#primaryimage"},"image":{"@id":"https:\/\/plein-jour.eu\/wordpress\/notre-logo\/#primaryimage"},"thumbnailUrl":"https:\/\/plein-jour.eu\/wordpress\/wp-content\/uploads\/2020\/10\/Logo-coq-Plein-Jour-e1603696172827.png","datePublished":"2014-11-04T17:16:51+00:00","dateModified":"2024-12-19T11:13:41+00:00","description":"Ce malicieux PIEM a imaginé deux gallinacés qui se regardent dans le blanc des yeux par delà la croix d'un clocher.","breadcrumb":{"@id":"https:\/\/plein-jour.eu\/wordpress\/notre-logo\/#breadcrumb"},"inLanguage":"fr-FR","potentialAction":[{"@type":"ReadAction","target":["https:\/\/plein-jour.eu\/wordpress\/notre-logo\/"]}]},{"@type":"ImageObject","inLanguage":"fr-FR","@id":"https:\/\/plein-jour.eu\/wordpress\/notre-logo\/#primaryimage","url":"https:\/\/plein-jour.eu\/wordpress\/wp-content\/uploads\/2020\/10\/Logo-coq-Plein-Jour-e1603696172827.png","contentUrl":"https:\/\/plein-jour.eu\/wordpress\/wp-content\/uploads\/2020\/10\/Logo-coq-Plein-Jour-e1603696172827.png","width":500,"height":374,"caption":"Logo coq Plein Jour"},{"@type":"BreadcrumbList","@id":"https:\/\/plein-jour.eu\/wordpress\/notre-logo\/#breadcrumb","itemListElement":[{"@type":"ListItem","position":1,"name":"Accueil","item":"https:\/\/plein-jour.eu\/wordpress\/"},{"@type":"ListItem","position":2,"name":"Notre Logo"}]},{"@type":"WebSite","@id":"https:\/\/plein-jour.eu\/wordpress\/#website","url":"https:\/\/plein-jour.eu\/wordpress\/","name":"Association Plein Jour","description":"Association de soutien pour les compagnes de Prêtres - A votre écoute au 06 84 59 06 01","publisher":{"@id":"https:\/\/plein-jour.eu\/wordpress\/#organization"},"potentialAction":[{"@type":"SearchAction","target":{"@type":"EntryPoint","urlTemplate":"https:\/\/plein-jour.eu\/wordpress\/?s={search_term_string}"},"query-input":{"@type":"PropertyValueSpecification","valueRequired":true,"valueName":"search_term_string"}}],"inLanguage":"fr-FR"},{"@type":"Organization","@id":"https:\/\/plein-jour.eu\/wordpress\/#organization","name":"Plein Jour","url":"https:\/\/plein-jour.eu\/wordpress\/","logo":{"@type":"ImageObject","inLanguage":"fr-FR","@id":"https:\/\/plein-jour.eu\/wordpress\/#\/schema\/logo\/image\/","url":"https:\/\/plein-jour.eu\/wordpress\/wp-content\/uploads\/2020\/10\/Logo-coq-Plein-Jour-e1603696172827.png","contentUrl":"https:\/\/plein-jour.eu\/wordpress\/wp-content\/uploads\/2020\/10\/Logo-coq-Plein-Jour-e1603696172827.png","width":500,"height":374,"caption":"Plein Jour"},"image":{"@id":"https:\/\/plein-jour.eu\/wordpress\/#\/schema\/logo\/image\/"}}]}</script>
<!-- / Yoast SEO plugin. -->

Ce malicieux PIEM a imaginé deux gallinacés qui se regardent dans le blanc des yeux par delà la croix d'un clocher.

Association de soutien pour les compagnes de Prêtres - A votre écoute au 06 84 59 06 01
